 53293?
-53296
In base 3, what is -1202200000 + -10?
-1202200010
In base 9, what is -41244 + 3?
-41241
In base 2, what is 111101111100001110100 - -10?
111101111100001110110
In base 13, what is 38 - 1722?
-16b7
In base 7, what is 2066533 + -4?
2066526
In base 4, what is -10 - 2302121?
-2302131
In base 4, what is 32301 - 3022?
23213
In base 6, what is -300 + 3025?
2325
In base 4, what is 2 - -2012011?
2012013
In base 16, what is 7 - 81ef?
-81e8
In base 15, what is 444 + 23?
467
In base 7, what is 3440134 + -4?
3440130
In base 9, what is 778336 - -5?
778342
In base 3, what is 12111202121 + 2?
12111202200
In base 3, what is -212020 + -110002200?
-110221220
In base 4, what is 2030 + 20112?
22202
In base 11, what is 3 - 7181?
-7179
In base 2, what is 10001 - 1100001110?
-1011111101
In base 3, what is -12212201002 + -2?
-12212201011
In base 3, what is -10101 + 11221012?
11210211
In base 6, what is -4324144 + -3?
-4324151
In base 12, what is 16 + 1495?
14ab
In base 13, what is 2 + 1ac543?
1ac545
In base 8, what is -6146113 - 2?
-6146115
In base 13, what is 69 + -a9?
-40
In base 4, what is -1003 + -203303?
-210312
In base 9, what is 760 - 71?
678
In base 15, what is -387 + -849?
-bd1
In base 13, what is 14717 + -5?
14712
In base 7, what is -202 - -614?
412
In base 12, what is -341 - -36?
-307
In base 14, what is 155 + -632?
-4bb
In base 16, what is 1e - -4c8?
4e6
In base 8, what is -3 + -1464?
-1467
In base 8, what is 137615 + 1?
137616
In base 3, what is -12001 - 11021?
-100022
In base 3, what is -100 - -2011012202?
2011012102
In base 14, what is ddd + 45?
1044
In base 10, what is 82 + 159?
241
In base 14, what is -4 + 90?
8a
In base 16, what is 45 - -156?
19b
In base 9, what is -24252 + -28?
-24281
In base 14, what is -211910 + -3?
-211913
In base 14, what is 10 + -2c72?
-2c62
In base 14, what is -52 - 704?
-756
In base 12, what is -b4668 - -2?
-b4666
In base 8, what is 67617 - 22?
67575
In base 15, what is -e7e9 - 5?
-e7ee
In base 8, what is -5 - 163222?
-163227
In base 4, what is -1022120 + -12233?
-1101013
In base 7, what is 33 + 101216?
101252
In base 9, what is -411 + -111?
-522
In base 12, what is 88 - -478?
544
In base 2, what is -11 - 1011111011001110111?
-1011111011001111010
In base 5, what is -21 - 40441?
-41012
In base 5, what is 1 + 123144114?
123144120
In base 5, what is 4 - 140321244?
-140321240
In base 10, what is 66697 + -4?
66693
In base 15, what is 3 + 267baa?
267bad
In base 9, what is -2073324 - 3?
-2073327
In base 6, what is -220 - -142505?
142245
In base 2, what is -111 - 111111010?
-1000000001
In base 3, what is 12221 - -1111122?
1201120
In base 4, what is -322021 - 2030?
-330111
In base 15, what is a + -37e40?
-37e35
In base 4, what is 210 + -31303322?
-31303112
In base 16, what is 2a8 - -2c9?
571
In base 4, what is 2210012 + -113?
2203233
In base 2, what is 0 - -1000101100111011010?
1000101100111011010
In base 6, what is 5 + -21513?
-21504
In base 14, what is -a - -1c274?
1c268
In base 2, what is -1110011110 - -1011101?
-1101000001
In base 11, what is 78 - 33842?
-33775
In base 4, what is 1 + -10200032201?
-10200032200
In base 7, what is 2 + -15331?
-15326
In base 12, what is a - a9a9?
-a99b
In base 6, what is 335143 - 434?
334305
In base 12, what is -2 + -5b750?
-5b752
In base 13, what is -5a - 4cab?
-5038
In base 8, what is -440 - 16?
-456
In base 10, what is -4 + 979?
975
In base 9, what is 4 + 302271?
302275
In base 12, what is 2a8 - -221?
509
In base 9, what is 217 - -67?
285
In base 15, what is 230a6 + 12?
230b8
In base 4, what is -10 + 2202111?
2202101
In base 9, what is 1181 - 23?
1157
In base 9, what is -7466 - -405?
-7061
In base 5, what is 2 + 33124304?
33124311
In base 4, what is 1022 - -3311312?
3313000
In base 8, what is -6 - 63406?
-63414
In base 5, what is 40 + 211102?
211142
In base 11, what is 3 + 6739?
6741
In base 16, what is 4 - -139a?
139e
In base 10, what is 16703 - -12?
16715
In base 14, what is 6b3 - -21a?
8cd
In base 8, what is 2360 + 7?
2367
In base 6, what is -442423 - 30?
-442453
In base 5, what is -422 - -2402?
1430
In base 10, what is -114 + -295?
-409
In base 11, what is -4296 + -155?
-4440
In base 16, what is 25a + -516?
-2bc
In base 7, what is -244 + 143?
-101
In base 9, what is 0 - -331863?
331863
In base 4, what is -22 + -122021332?
-122022020
In base 15, what is 46a + 5a?
4c5
In base 2, what is 11 - 1101011011101010?
-1101011011100111
In base 11, what is 12928 - 1?
12927
In base 6, what is 155 - 1242?
-1043
In base 16, what is -20 - -bd?
9d
In base 9, what is 24815 + -5?
24810
In base 7, what is -655441 + 1?
-655440
In base 15, what is 19ec - 26?
19c6
In base 12, what is 112b8 + b?
11307
In base 8, what is 11175 - -15?
11212
In base 13, what is -2 - -79bc6?
79bc4
In base 8, what is -134524 - 4?
-134530
In base 9, what is 3246 - 10?
3236
In base 13, what is 2c - -183?
1b2
In base 15, what is -cc + 1e?
-ad
In base 8, what is 24 + 7264?
7310
In base 16, what is 4 - 3c71?
-3c6d
In base 2, what is -10 - -111110101101?
111110101011
In base 10, what is -317 - 578?
-895
In base 10, what is 1120 + 3?
1123
In base 9, what is -83050 - -16?
-83033
In base 4, what is 11 - 133001320?
-133001303
In base 15, what is -66e8 - 0?
-66e8
In base 7, what is -114344 - -120?
-114224
In base 4, what is 21221 + -233131?
-211310
In base 9, what is -6 + -17131?
-17137
In base 12, what is 2a5 - 13?
292
In base 5, what is -1123431 + -3?
-1123434
In base 16, what is -bac69 - 4?
-bac6d
In base 15, what is -256 - a?
-261
In base 7, what is -5041 + -35?
-5106
In base 4, what is 1233321320 - 10?
1233321310
In base 16, what is 5 - -abcf?
abd4
In base 4, what is -123021 + -13322?
-203003
In base 5, what is 23311 + 10?
23321
In base 5, what is 10111 + 20434?
31100
In base 6, what is 40243352 + 2?
40243354
In base 2, what is 110001000 + -100110001?
1010111
In base 8, what is 6 - 375061?
-375053
In base 3, what is 22100 - -12021122?
12120222
In base 14, what is 0 - 38c676?
-38c676
In base 14, what is 143 + -9a4?
-861
In base 11, what is -2 - 29a30?
-29a32
In base 10, what is -14229 + -29?
-14258
In base 7, what is 4653 + 32?
5015
In base 2, what is 101 - -1100011101010101100?
1100011101010110001
In base 6, what is -12005 + 1012?
-10553
In base 9, what is -103 - 5201?
-5304
In base 10, what is -1 + -45394?
-45395
In base 11, what is 155 - -224?
379
In base 8, what is 716531 - 1?
716530
In base 12, what is -6b0 + -a?
-6ba
In base 6, what is 4 + -1222412?
-1222404
In base 15, what is 588aec + -5?
588ae7
In base 2, what is 111110001 - 111110?
110110011
In base 9, what is 3 - 41825?
-41822
In base 16, what is -17 - 1f60?
-1f77
In base 12, what is 0 - -4a137?
4a137
In base 12, what is 31484a1 - 4?
3148499
In base 13, what is 389 - -46?
402
In base 9, what is -1383 + 1642?
248
In base 11, what is -124717 - 0?
-124717
In base 13, what is 11348 - 23?
11325
In base 10, what is -652 - -126?
-526
In base 15, what is 45 + 808?
84d
In base 4, what is 132 + -1230203?
-1230011
In base 14, what is 27a + 20?
29a
In base 12, what is -2 + -14b77?
-14b79
In base 13, what is 55 + -17?
3b
In base 8, what is -4 - 103007?
-103013
In base 12, what is 108 - 1214?
-1108
In base 12, what is 151 + -536?
-3a5
In base 10, what is -6 - -728893?
728887
In base 16, what is -3f + -77?
-b6
In base 10, what is -545 - 2973?
-3518
In base 15, what is -1 - 150e2?
-150e3
In base 7, what is -1212 + 1505?
263
In base 5, what is -3220100 + -3?
-3220103
In base 9, what is 45 - -352?
407
In base 15, what is -b - 289d?
-28a9
In base 4, what is 12 - 322012001?
-322011323
In base 10, what is 0 + -11581?
-11581
In base 15, what is 20a - -243?
44d
In base 11, what is -459 + -21?
-47a
In base 10, what is -65 - 339?
-404
In base 11, what is -469 + 199?
-280
In base 10, what is -27 - -22138?
22111
In base 4, what is -323231 + -2213?
-332110
In base 3, what is -1122200221 - 10?
-1122201001
In base 14, what is -3052 - -5?
-304b
In base 10, what is -28 + -1069?
-1097
In base 9, what is -60872 - 145?
-61127
In base 15, what is -314 - 57?
-36b
In base 11, what is 251751 - -1?
251752
In base 5, what is -212 + -3?
-220
In base 10, what is 548 - -352?
900
In base 5, what is -220 - -32104?
31334
In base 13, what is 260c - -b?
261a
In base 11, what is -13576 + 1?
-13575
In base 10, what i